 of 22434364?
2, 19, 211, 1399
What are the prime factors of 2206981051?
11, 79, 379, 6701
What are the prime factors of 3300985816?
2, 43, 859, 11171
List the prime factors of 842267067.
3, 59, 4758571
What are the prime factors of 2097658335?
3, 5, 439, 461, 691
What are the prime factors of 860611052?
2, 7, 59, 491, 1061
What are the prime factors of 237420512?
2, 7, 349, 3037
List the prime factors of 50145336.
2, 3, 23, 107, 283
List the prime factors of 341685645.
3, 5, 7, 19, 171271
List the prime factors of 2519748843.
3, 53, 103, 2903
What are the prime factors of 489969222?
2, 3, 367, 222511
What are the prime factors of 46368826?
2, 7, 17, 194827
List the prime factors of 71788353.
3, 7, 13, 439, 599
List the prime factors of 1910728447.
17, 223, 504017
List the prime factors of 142239618.
2, 3, 37, 71191
List the prime factors of 1619857525.
5, 11, 13, 453107
What are the prime factors of 219208895?
5, 59, 157, 4733
What are the prime factors of 356357574?
2, 3, 2389, 8287
What are the prime factors of 53998984?
2, 13, 37, 14033
What are the prime factors of 277862299?
11, 13, 1943093
List the prime factors of 34795389.
3, 23, 29, 17389
List the prime factors of 1274061199.
1274061199
List the prime factors of 2046709856.
2, 137, 466859
What are the prime factors of 265439095?
5, 3623, 14653
List the prime factors of 1331452958.
2, 11, 431, 140419
List the prime factors of 45563550.
2, 3, 5, 89, 3413
What are the prime factors of 46167452?
2, 53, 217771
List the prime factors of 341734402.
2, 109, 1567589
List the prime factors of 58440338.
2, 11, 241489
What are the prime factors of 176358714?
2, 3, 7, 17, 247001
List the prime factors of 139710375.
3, 5, 7, 113, 157
What are the prime factors of 957534852?
2, 3, 359, 222269
What are the prime factors of 2067468509?
43, 109, 441107
List the prime factors of 5651768539.
509, 11103671
List the prime factors of 2947237807.
2947237807
What are the prime factors of 3148566378?
2, 3, 47, 107, 104347
What are the prime factors of 35390744?
2, 23, 192341
What are the prime factors of 260232904?
2, 41, 43, 18451
List the prime factors of 44814409.
79, 353, 1607
What are the prime factors of 257927462?
2, 13, 97, 7867
What are the prime factors of 575943?
3, 17, 23, 491
List the prime factors of 46808603.
2503, 18701
List the prime factors of 3203294451.
3, 7, 2027, 75253
What are the prime factors of 864520443?
3, 96057827
List the prime factors of 1863465436.
2, 7, 66552337
List the prime factors of 4801942159.
7, 685991737
List the prime factors of 186347271.
3, 11, 5646887
List the prime factors of 179133217.
179133217
What are the prime factors of 640244013?
3, 213414671
What are the prime factors of 6440655026?
2, 13, 463, 571, 937
List the prime factors of 18968510.
2, 5, 11, 172441
What are the prime factors of 1110429479?
1110429479
List the prime factors of 2037039546.
2, 3, 59, 5754349
What are the prime factors of 664068779?
11, 60369889
List the prime factors of 820938903.
3, 273646301
What are the prime factors of 73755078?
2, 3, 17, 723089
List the prime factors of 615774529.
615774529
List the prime factors of 13316988.
2, 3, 1109749
List the prime factors of 248881876.
2, 62220469
What are the prime factors of 263710430?
2, 5, 1567, 16829
What are the prime factors of 649545?
3, 5, 13, 3331
List the prime factors of 14593449.
3, 13, 383, 977
List the prime factors of 765438016.
2, 7, 67, 3643
List the prime factors of 581771304.
2, 3, 41, 197077
List the prime factors of 59016415.
5, 109, 108287
What are the prime factors of 867303469?
19, 2213, 20627
What are the prime factors of 668716650?
2, 3, 5, 7, 43, 4937
List the prime factors of 47454261.
3, 41, 193, 1999
What are the prime factors of 5621504612?
2, 23, 5231, 11681
List the prime factors of 592753319.
1019, 581701
What are the prime factors of 4104085008?
2, 3, 85501771
List the prime factors of 37443820.
2, 5, 139, 13469
List the prime factors of 1987978665.
3, 5, 23, 389, 14813
What are the prime factors of 77299349?
47, 1644667
List the prime factors of 207567190.
2, 5, 20756719
List the prime factors of 99400254.
2, 3, 16566709
List the prime factors of 163942197.
3, 53, 61, 16903
What are the prime factors of 22175903?
22175903
List the prime factors of 4058371628.
2, 349, 2907143
List the prime factors of 1353700774.
2, 523, 1294169
What are the prime factors of 1444586065?
5, 13, 22224401
List the prime factors of 316339522.
2, 6553, 24137
List the prime factors of 19794678.
2, 3, 31, 3433
List the prime factors of 223173940.
2, 5, 11, 223, 4549
List the prime factors of 1593792337.
23, 69295319
List the prime factors of 55985802.
2, 3, 853, 10939
What are the prime factors of 2158670752?
2, 7, 617, 15619
List the prime factors of 43668636.
2, 3, 11, 330823
List the prime factors of 159119872.
2, 310781
What are the prime factors of 41403728?
2, 257, 10069
List the prime factors of 57923921.
11, 1493, 3527
What are the prime factors of 4388359790?
2, 5, 347, 1264657
What are the prime factors of 272343944?
2, 17, 47, 137, 311
What are the prime factors of 245432401?
245432401
What are the prime factors of 42489527?
1303, 32609
List the prime factors of 141874075.
5, 7, 149, 5441
List the prime factors of 167777182.
2, 17, 19, 259717
What are the prime factors of 7717629974?
2, 3858814987
What are the prime factors of 10549259?
7, 41, 59, 89
What are the prime factors of 718287027?
3, 137, 409, 4273
What are the prime factors of 2884499142?
2, 3, 7, 67, 157, 6529
What are the prime factors of 160117924?
2, 61, 656221
List the prime factors of 204480712.
2, 31, 827, 997
What are the prime factors of 16521468?
2, 3, 1376789
List the prime factors of 116194336.
2, 3631073
What are the prime factors of 185845890?
2, 3, 5, 6194863
List the prime factors of 6514024817.
67, 97224251
List the prime factors of 2045549950.
2, 5, 40910999
What are the prime factors of 1825153296?
2, 3, 5867, 6481
List the prime factors of 449024186.
2, 13, 17270161
What are the prime factors of 176294567?
29, 283, 21481
List the prime factors of 436477098.
2, 3, 8311, 8753
List the prime factors of 2402398686.
2, 3, 29, 353, 39113
What are the prime factors of 71730556?
2, 17932639
What are the prime factors of 1973551?
1213, 1627
What are the prime factors of 9324097?
41, 277, 821
List the prime factors of 1670943775.
5, 66837751
What are the prime factors of 69473064?
2, 3, 23, 127, 991
List the prime factors of 2588482170.
2, 3, 5, 355073
What are the prime factors of 774946169?
149, 5200981
What are the prime factors of 1841577780?
2, 3, 5, 7, 571, 1097
List the prime factors of 26293065.
3, 5, 1752871
What are the prime factors of 21811506?
2, 3, 19, 293, 653
What are the prime factors of 21703750?
2, 5, 97, 179
List the prime factors of 1119986409.
3, 29, 12873407
List the prime factors of 14944343.
17, 787, 1117
List the prime factors of 782122166.
2, 7, 53, 1054073
What are the prime factors of 9979248?
2, 3, 29, 67, 107
What are the prime factors of 266886794?
2, 41, 251, 12967
What are the prime factors of 2787103974?
2, 3, 907, 512147
What are the prime factors of 140137013?
1499, 93487
What are the prime factors of 109170776?
2, 11, 13, 95429
List the prime factors of 95405521.
67, 173, 8231
What are the prime factors of 99675352?
2, 7, 17, 104701
What are the prime factors of 428617610?
2, 5, 42861761
List the prime factors of 530680835.
5, 41, 83, 31189
List the prime factors of 681672727.
21529, 31663
List the prime factors of 8808065.
5, 7, 359, 701
List the prime factors of 76236706.
2, 7, 13, 418883
What are the prime factors of 3037267115?
5, 67, 9066469
What are the prime factors of 12496027?
12496027
List the prime factors of 1260987733.
17, 157, 472457
List the prime factors of 27078587.
27078587
List the prime factors of 552030926.
2, 1709, 161507
What are the prime factors of 40125077?
983, 40819
List the prime factors of 51458872.
2, 809, 7951
What are the prime factors of 32962763?
29, 1136647
List the prime factors of 170025277.
211, 805807
List the prime factors of 2841031513.
47, 60447479
What are the prime factors of 2375181251?
157, 179, 223, 379
List the prime factors of 155169766.
2, 389, 199447
Lis